factor of 1269418?
False
Does 19 divide 1303070519?
False
Is 5 a factor of 4540611?
False
Does 355 divide 113475395?
True
Is 22 a factor of 36885728?
True
Is 12 a factor of 9050241?
False
Does 172 divide 451363383?
False
Is 8 a factor of 4872293?
False
Does 969 divide 261415287?
False
Is 99 a factor of 116047503?
True
Is 121 a factor of 4760503?
True
Is 766 a factor of 88612263?
False
Does 10 divide 171733441?
False
Does 9 divide 5947576?
False
Does 5862 divide 4279901?
False
Does 131 divide 110831380?
False
Does 704 divide 741878720?
True
Is 6 a factor of 835371697?
False
Is 1138648144 a multiple of 5748?
False
Does 1125 divide 45249234?
False
Is 14 a factor of 2858912?
True
Is 35590262 a multiple of 202?
False
Does 10 divide 15295700?
True
Does 177 divide 59922996?
True
Is 1073424 a multiple of 12?
True
Is 190022184 a multiple of 13?
False
Is 4325 a factor of 134961625?
True
Is 251 a factor of 76819162?
False
Does 120 divide 30312840?
True
Does 3908 divide 103963336?
False
Is 1510201251 a multiple of 173?
True
Does 9 divide 29206815?
False
Does 60 divide 26570040?
True
Is 51827727 a multiple of 4?
False
Is 9 a factor of 18173001?
False
Is 85048173 a multiple of 38?
False
Is 1062658638 a multiple of 114?
True
Does 55 divide 10788910?
True
Is 234065907 a multiple of 7?
False
Is 12326712 a multiple of 148?
False
Does 68 divide 484902186?
False
Is 87728986 a multiple of 789?
False
Is 20 a factor of 63467894?
False
Is 168705876 a multiple of 12?
True
Is 123 a factor of 3719142636?
True
Is 294 a factor of 37303596?
False
Is 10074907 a multiple of 1320?
False
Does 516 divide 34837171?
False
Is 415072556 a multiple of 19?
True
Is 49663247 a multiple of 552?
False
Does 246 divide 12863832?
True
Is 3506 a factor of 46349695?
False
Is 5038186504 a multiple of 884?
True
Does 200 divide 8640400?
True
Does 428 divide 174861540?
True
Is 920 a factor of 901283935?
False
Is 80 a factor of 2830480?
True
Is 56 a factor of 452218256?
True
Is 289 a factor of 43489126?
False
Is 82 a factor of 1866058666?
True
Is 9920351 a multiple of 9?
False
Is 345 a factor of 99858452?
False
Is 9182250 a multiple of 15?
True
Does 2 divide 37219634?
True
Is 14 a factor of 4283454?
True
Is 39 a factor of 43624665?
False
Does 24 divide 128640288?
True
Is 747 a factor of 1566864976?
False
Is 11 a factor of 54748112?
False
Is 2016775463 a multiple of 1878?
False
Is 9 a factor of 10458108?
True
Is 1361 a factor of 294578923?
True
Is 2105 a factor of 2501451324?
False
Does 114 divide 4653362232?
False
Is 1073458 a multiple of 153?
False
Is 177 a factor of 48330558?
True
Does 4 divide 113930060?
True
Does 60 divide 19126028?
False
Does 47 divide 4025033?
True
Is 240903180 a multiple of 264?
False
Is 26536627 a multiple of 76?
False
Does 202 divide 1910779812?
True
Does 5 divide 1786995?
True
Does 321 divide 158891863?
False
Does 2717 divide 124529887?
False
Is 154758377 a multiple of 353?
True
Does 747 divide 4261635?
True
Is 91 a factor of 2952551363?
False
Does 1845 divide 2710469205?
True
Does 33 divide 36860860?
False
Is 710544 a multiple of 748?
False
Is 256536546 a multiple of 42?
True
Is 444 a factor of 44399302?
False
Is 7811739 a multiple of 13?
True
Does 45 divide 31515927?
False
Is 222522174 a multiple of 65?
False
Is 44 a factor of 84077567?
False
Is 13 a factor of 4952142?
True
Is 273245421 a multiple of 34?
False
Does 18 divide 1484832949?
False
Is 1063 a factor of 245809794?
False
Is 277818853 a multiple of 10?
False
Is 11 a factor of 1216139?
False
Is 76 a factor of 5410339756?
True
Does 18 divide 233467230?
False
Is 294 a factor of 18738260?
False
Does 16 divide 913588?
False
Is 17733130 a multiple of 8?
False
Is 14340691 a multiple of 555?
False
Is 29327697 a multiple of 49?
False
Does 4 divide 5219007?
False
Does 144 divide 801128?
False
Does 247 divide 2429739?
True
Does 11 divide 1495010?
True
Is 1114 a factor of 307029194?
False
Is 75663039 a multiple of 397?
True
Does 86 divide 131293453?
False
Is 2161856 a multiple of 18?
False
Does 129 divide 676559463?
True
Does 9796 divide 862194940?
True
Is 110 a factor of 44894271?
False
Is 1221 a factor of 94583544?
True
Is 86 a factor of 172982808?
True
Is 295 a factor of 59632753?
False
Is 170740134 a multiple of 30?
False
Is 12 a factor of 33303169?
False
Does 151 divide 14212130?
False
Does 601 divide 65570230?
False
Is 203096208 a multiple of 151?
True
Is 27 a factor of 433431?
True
Is 117988595 a multiple of 709?
False
Does 7 divide 11779057?
False
Is 16 a factor of 68949815?
False
Is 99902400 a multiple of 10?
True
Is 42 a factor of 3383609?
False
Is 96026139 a multiple of 549?
True
Does 10902 divide 4068070398?
True
Is 170574080 a multiple of 5?
True
Is 309 a factor of 739245708?
False
Does 107 divide 353138005?
False
Is 152038932 a multiple of 607?
True
Is 16640136 a multiple of 72?
True
Is 18 a factor of 1078153848?
True
Does 26 divide 83319690?
False
Is 4088 a factor of 1554993440?
True
Does 27 divide 153549297?
True
Does 113 divide 1173036502?
True
Is 13 a factor of 4585426120?
False
Does 79 divide 47141536?
False
Does 245 divide 237425090?
True
Is 10873094 a multiple of 21?
False
Is 306 a factor of 4027912589?
False
Is 9 a factor of 2372261508?
True
Is 5 a factor of 8628574?
False
Is 54444962 a multiple of 11?
True
Is 14 a factor of 7074731?
False
Is 8915110 a multiple of 979?
False
Is 2357285940 a multiple of 90?
True
Is 108572865 a multiple of 65?
False
Is 6727532 a multiple of 1384?
False
Does 175 divide 45430000?
True
Is 25 a factor of 346351550?
True
Is 10556581 a multiple of 310?
False
Is 68 a factor of 119113832?
True
Is 158 a factor of 20109963?
False
Is 502398 a multiple of 168?
False
Is 836 a factor of 59538829?
False
Does 1938 divide 914699619?
False
Does 125 divide 1264724875?
True
Is 34900340 a multiple of 116?
True
Is 7158006083 a multiple of 13?
False
Is 23 a factor of 1075741809?
True
Does 23 divide 1411805435?
True
Is 380518852 a multiple of 167?
True
Does 1900 divide 2931316200?
True
Does 12 divide 20989409?
False
Does 1316 divide 18595239?
False
Is 72338264 a multiple of 34?
True
Is 15 a factor of 69755938?
False
Is 113 a factor of 92092514?
True
Does 780 divide 3550414370?
False
Is 7698709 a multiple of 34?
False
Is 848663585 a multiple of 77?
True
Is 4174 a factor of 421644958?
True
Is 384 a factor of 240921984?
True
Is 814560502 a multiple of 1587?
False
Is 153105324 a multiple of 4?
True
Is 11 a factor of 16794272?
True
Does 351 divide 75484798?
False
Does 24 divide 10687602?
False
Is 219 a factor of 708207894?
True
Is 23 a factor of 27305692?
True
Is 204262770 a multiple of 10?
True
Does 435 divide 183550860?
True
Is 658 a factor of 33883710?
True
Does 33 divide 300243471?
True
Does 6 divide 14063905?
False
Is 10492 a factor of 1563801124?
True
Is 152 a factor of 298316808?
False
Is 516067965 a multiple of 9?
True
Is 77 a factor of 363006028?
True
Is 142419165 a multiple of 1645?
True
Is 724 a factor of 180270776?
False
Does 519 divide 42084320?
False
Is 1008 a factor of 1158187968?
True
Is 272628572 a multiple of 6?
False
Is 353571070 a multiple of 118?
True
Does 7 divide 16290099?
True
Is 1729 a factor of 1323318258?
False
Is 333 a factor of 49596021?
True
Does 38 divide 17974418?
True
Does 225 divide 2162025?
True
Is 9 a factor of 57417678?
True
Does 4 divide 892482148?
True
Is 927 a factor of 15858377?
False
Does 59 divide 625971902?
False
Does 2504 divide 78986530?
False
Is 73012595 a multiple of 31?
True
Is 49213502 a multiple of 375?
False
Is 51666738 a multiple of 43?
False
Does 222 divide 106179217?
False
Is 3462 a factor of 35063136?
True
Is 58 a factor of 23817309?
False
Is 5770 a factor of 3391936032?
False
Is 19297710 a multiple of 260?
False
Is 22739745 a multiple of 167?
False
Is 1647 a factor of 63513261?
True
Is 11077156 a multiple of 606?
False
Does 173 divide 1097852266?
False
Is 31 a factor of 269238759?
False
Is 3 a factor of 12724397?
False
Does 2726 divide 1419771808?
False
Does 35 divide 904810905?
False
Does 98 divide 36357902?
True
Is 26 a factor of 72786535?
False
Does 553 divide 48477755?
False
Is 153176034 a multiple of 2?
True
Does 1233 divide 42550830?
True
Is 817 a factor of 7518034?
True
Does 923 divide 884647504?
True
Is 8435532 a multiple of 862?
